97. Is k(0) a composite number?
False
Suppose 654 = 3*i - u, 4*u + 218 = i - 0*i. Suppose -4*l + i = 4*x - 102, 3 = x. Is l a composite number?
True
Let b be (16/40)/(1/5). Suppose 3*u - 4*g - 637 = 0, 0 = b*u + 5*g - 3*g - 420. Is u composite?
False
Let x(r) = 25*r**2 + 6*r + 6. Let n be (2/(4/(-2)))/((-10)/(-90)). Is x(n) composite?
True
Let t be (831/9 - 0) + (-1)/3. Let k = t + -55. Is k a composite number?
False
Suppose 0*o = 2*o + 4, -i + 21 = -5*o. Let p = i - 14. Is (-1)/p*6291/9 prime?
True
Suppose 34755 = 14*r + 1687. Is r a prime number?
False
Let k(h) = h + 13. Let q be k(-15). Is (-1 + q)*(-169 + 2) a prime number?
False
Is 96/160*(-24445)/(-3) composite?
False
Let v = 44505 + -25348. Is v prime?
True
Let o(h) = 11*h**2 - 12*h + 7. Let a be o(9). Let t = a - 327. Is t composite?
False
Suppose 2*f = -5*n + 5910, 4*n - 2*n = 3*f + 2364. Suppose 362 - n = -5*u. Suppose 0 = -5*m - h + 414, -2*m + 2*h = -4*m + u. Is m prime?
True
Let h(z) = -9*z - 10. Let i be h(-7). Let y = i + -34. Is y a prime number?
True
Suppose -o + 6785 = -12588. Is o prime?
True
Is (-41487)/(19 - 9 - 13) a composite number?
False
Let j(z) = 3337*z**2 + 21*z + 3. Is j(-2) a composite number?
False
Let x(k) = 24*k**3 - 2*k**2 + 2*k - 1. Let o = -11 + 24. Let b(c) = -c**3 + 14*c**2 - 12*c - 11. Let t be b(o). Is x(t) a composite number?
True
Let m(o) = -44*o**3 + o - 3. Let u be m(2). Let d = u + 748. Is d a composite number?
True
Suppose 0 = -k + 5*t + 495, -2*t = -1 + 5. Is k composite?
True
Is 40694/8 + (-17)/(-68) a prime number?
True
Let s = 48 - 36. Suppose 13*c - s*c = 121. Is c prime?
False
Let z(j) = 26*j + 27. Let i be z(5). Let h(a) = -a**2 + 54. Let q be h(0). Let k = q + i. Is k a prime number?
True
Suppose 5*f - 3 - 7 = 0. Suppose 2*d - u - 180 = d, f*u - 893 = -5*d. Is d composite?
False
Let h(y) = -3*y**3 + 2*y**2 - 4*y - 3. Let k be h(-5). Let r = k + 231. Is r a composite number?
False
Suppose 0 = -5*k + 5*r + 10480, 2*k - 7*k + 2*r = -10489. Is k a prime number?
True
Let s = -1963 - -3302. Is s a composite number?
True
Let j(r) = -r**3 - 9*r**2 - 10*r - 13. Let v be j(-8). Suppose -5*t - 3*g = -1507, t - v*g = -2*t + 885. Is t prime?
False
Suppose w = -5*p + 161, 6*w = 8*w + 8. Is p prime?
False
Let q(u) = 916*u + 40. Let c be q(3). Let n = c - 1379. Is n composite?
False
Let z(i) = -i**3 + i + 11605. Let n be z(0). Suppose -9*c - n = -14*c. Is c composite?
True
Let p(f) = 94*f**2 + 4*f - 1. Let b be p(-4). Suppose -5*r = -0*r + 4*l - 4638, -r + 939 = -3*l. Let n = b - r. Is n prime?
True
Let z(y) be the first derivative of y**4/4 - 8*y**3/3 + 5*y**2/2 + 14*y - 3. Let f be z(7). Suppose 0 = -2*j - f*j + 38. Is j a prime number?
True
Is (25 - 31) + 20203*5 composite?
False
Let c = 25948 + 8655. Is c a prime number?
True
Let o be 0*(3 + 16/(-6)). Let a be 0 - 2/(-4)*o. Let s(z) = -z**3 + z**2 - z + 59. Is s(a) a prime number?
True
Let h = 5 + -1. Suppose -h*x = 2*x - 1284. Is x prime?
False
Suppose -3*t = -5*s - 3286, 4*s + 63 = -2*t + 2217. Is t composite?
False
Let y = 57 + -85. Is (y/(-6) - 0)/(8/996) prime?
False
Suppose 2*h - 609 = 137. Is h prime?
True
Suppose -13 = x + 2*g + 3*g, 3*g + 3 = -3*x. Let v be (-2)/(x*(-2)/212). Suppose 0*k + v = 2*k. Is k a prime number?
True
Let o be (-1)/5 + 534/(-30). Let h = 1185 - o. Is h prime?
False
Suppose -3*x = 2*x - 5*t - 80, 2*x - 34 = 3*t. Let i = x - 11. Suppose 0 = 4*m - 4*w - 68, -3*m + 66 - i = 3*w. Is m a composite number?
False
Suppose -19*z + 8926 = -7281. Let w = -374 + z. Is w a composite number?
False
Is 1762186/238 + (-24)/21 a composite number?
True
Let w = -1575 - -842. Let i be (-2)/(-4) + (-1994)/4. Let r = i - w. Is r a prime number?
False
Suppose 3 = -2*u + 91. Suppose d + 3*d + u = 4*c, 3*c - 5*d - 33 = 0. Let k(t) = t**3 - 5*t**2 - 25*t + 16. Is k(c) prime?
True
Let p = -3493 + 5632. Let g be 2/(-4) - p/(-6). Suppose 0 = 13*a - 11*a - g. Is a a composite number?
True
Let y be (-2)/(24/(-10) - -2). Suppose -2*x + 17 = 3*l, l - 2*x = -y*x + 8. Suppose 20 + 15 = l*n. Is n prime?
True
Let l(h) = 6*h**3 - 12*h**2 + 10*h - 28. Let x be l(8). Suppose -4*c + 2*y = -x, 3*y + 571 = c + 7*y. Is c prime?
True
Let k(x) = -x**3 - x**2 + 2*x + 61681. Is k(0) a composite number?
False
Suppose 3*n - 7609 = -1306. Is n prime?
False
Is (-1)/3*-6*(-12778)/(-4) prime?
True
Let b(t) = -t**2 - 4*t - 1. Let p be b(-3). Let d(j) = -j**2 - 9 + j**3 + 0*j**3 - 3*j**p - 14*j. Is d(10) a composite number?
True
Suppose -5*v + 132332 - 38393 = -4*j, v - 3*j - 18790 = 0. Is v a composite number?
False
Suppose -5*j - 85 = -2*a, -5*a + 102 = -2*j - 163. Suppose -3*n = k - 6*n - a, -3*k = 4*n - 178. Is k a prime number?
False
Suppose -1610 = 15*v - 6365. Suppose 0 = 2*r - a + 4*a - 888, 4*r = -2*a + 1776. Let o = r - v. Is o prime?
True
Suppose -3*o - x + 2656 = 0, -5*x - 1941 - 2459 = -5*o. Let i = -483 + o. Is i prime?
True
Let o(w) = -w**3 - 5*w**2 - 7*w - 6. Let p be o(-4). Suppose 8*f - p - 10 = 0. Is 25/(-20)*-62*f composite?
True
Let h be ((-325)/5)/(2/(-14)). Suppose 5*d - 140 - h = 0. Is d prime?
False
Let j(q) = 4 - 2*q + 3*q - 2. Let f be j(-1). Is (f/(-2))/(2/(-148)) a prime number?
True
Let p be 2/(-1) - (-119)/17. Suppose -q - l - 1554 = -4*q, 2570 = p*q + 5*l. Is q a prime number?
False
Let a(z) = 21*z**2 - 1. Let g be a(5). Suppose -4*w - g = -3*c - c, 5*c = -2*w + 627. Is c prime?
True
Suppose 2*v + 3*v + 5*b = 9165, -2*v - 3*b + 3668 = 0. Is v a prime number?
True
Let l(d) = -2288*d + 141. Is l(-7) composite?
True
Suppose 0 = -s - 66 - 39. Let j be (7/3)/(5/30). Is (-29160)/s + 4/j composite?
True
Let y(t) be the first derivative of 13*t**2 + 11*t - 19. Is y(3) a prime number?
True
Suppose -2*c - 2732 = 2*k, -6810 = 5*k - 0*k + c. Let r = k + 2709. Is 6/(-15) - r/(-20) composite?
False
Let k be 24/(-20)*-5 - 3. Let r(v) = 255*v**2 + 6*v - 5. Let u be r(k). Suppose -6*h + u = 454. Is h prime?
False
Let o = 12 + 3. Let y(p) = 5*p - 10. Is y(o) a composite number?
True
Suppose -2*g - 4 = -4*g. Let p(t) = 1 - t**2 - t - 4*t**g - 6*t**3 + t**2 + 6*t**2. Is p(-2) a composite number?
False
Is 8710/(-335)*(-1 - 5739/2) composite?
True
Let h = 1052 + -533. Suppose 0 = 3*v - h + 1299. Let u = v - -469. Is u prime?
False
Let t(l) = 459*l**2 - l + 29. Is t(4) prime?
True
Let p = 1844 + 330. Suppose 0 = w - 686 - p. Suppose -3384 = -4*a + w. Is a prime?
False
Suppose 9 - 24 = -3*x, -2*p + 3*x = -83573. Is p prime?
False
Let c be 151314/18 - 4 - 2/(-3). Suppose 9394 = 13*q - c. Is q prime?
False
Is (7159/(-2))/(-10 + 76/8) a composite number?
False
Let h be 1 - (3 + 29272*1). Is 4/14 + h/(-98) a prime number?
False
Suppose -2*m = -v - m + 17945, -35892 = -2*v + 3*m. Is v prime?
False
Suppose 0 = -0*v - v + 366. Let q = -190 - -117. Let b = q + v. Is b composite?
False
Let h = -6 - -8. Suppose f + 5*p - 386 = 921, -4*p - 2656 = -h*f. Is f a composite number?
True
Suppose -14*w = 65283 - 388753. Is w a composite number?
True
Suppose 0 = 11*m - 23304 - 41827. Is m a composite number?
True
Suppose -n - 3*q - 32245 = -5*n, 0 = 3*n - 2*q - 24183. Is n composite?
False
Let g(t) = 124*t + 39. Let y be g(-5). Let x = 904 + y. Is x a prime number?
False
Let f(l) = 660*l - 181. Is f(4) composite?
False
Let s(y) be the first derivative of 23*y**3/3 - 17*y**2/2 - 31*y - 2. Is s(-11) a composite number?
False
Let l be (15/(-10))/(1/(-2)). Let j = -9 + l. Is (-238)/j + (-6)/9 composite?
True
Let n = 216 + -129. Suppose -4*p = 4*b - 84, -5*p - b + 28 + 57 = 0. Let j = n - p. Is j composite?
False
Is (-22040)/(-24) + (-2)/(-3) composite?
False
Suppose 0 = -6*c + 40*c - 57562. Is c composite?
False
Is (-2)/6*(23 + -22)*-130719 a composite number?
False
Let d(n) = 99*n + 185. Is d(8) composite?
False
Let y(c) = 15*c**3 - c + 5. Let w be y(4). Suppose -b + 4*l + 483 = 0, 3*l = 2*b - 0*l - w. Is b prime?
True
Suppose 13*t = 3*t + 20. Is (118/(-8) - t)*-12 a prime number?
False
Suppose m - 9515 = 5*b, 2*m + 19002 = 4*m + 4*b. Is m prime?
False
Suppose -5 = 5*w - 4*t, -2*w + 3 = -t + 5. Is w*(-403 + (-8)/2) a prime number?
False
Let t = -117 + 177. Suppose 3 + 7 = 2*p. Suppose 0 = p*m - 545 - t. Is m prime?
False
Let t = -350 + 1368. Let p = t - -916. Is p a composite number?
True
Let p(z) = 101*z - 15. Is p(4) a composite numbe